-11) - 5.
-6
Calculate 2 - ((0 - 2) + 0 + 5).
-1
Evaluate 2 + (-3 - (-18 + 8)).
9
What is (6 + -1 - 5) + -1?
-1
What is the value of (62 - 55) + (-7 - 2)?
-2
Calculate -8 + 3 - -4 - -7 - 1.
5
Evaluate -6 - (2 + -6) - 2.
-4
What is the value of -2 - (4 - (-6 + 16))?
4
What is -2 + 10 - (28 + -17)?
-3
Calculate (-50 - -56) + (1 - 3).
4
Evaluate 11 + (-3 + 2 - 5).
5
What is (8 - 0 - -7) + -10?
5
Calculate (-3 - 0) + 0 + 2 + 0.
-1
Evaluate -8 - (3 - (-2 - (-9 + 0))).
-4
What is the value of -2 + 3 + (-4 - -2 - -4)?
3
Evaluate 13 - (0 - -1) - (-5 - -9).
8
What is the value of (0 - -1) + (2 - 0)?
3
What is the value of 0 - (10 - 4 - 10)?
4
Evaluate -1 - (-15 - -10) - (-1 - -2).
3
Calculate (12 - 6) + -5 + 0.
1
Evaluate 6 + -1 + -2 - (-17 - -20).
0
247 + -240 - (0 - -2)
5
What is -2 + 4 - (0 + (-7 - -5))?
4
What is -5 + (6 - (-2 + 3 - 0))?
0
Evaluate -4 + 5 + -4 + 3.
0
What is -12 + 11 + -13 + 7?
-7
-1 + 0 - (108 + -115)
6
Evaluate 2 + (-5 - -1 - -2).
0
Evaluate -9 + (0 - -3) + 1.
-5
Calculate -2 + (4 - (4 + 3)).
-5
What is the value of (24 - 29) + 0 + -1?
-6
0 + -10 + (-24 - -30)
-4
What is the value of -6 + (5 - -2) + (11 - 17)?
-5
What is -5 + (1 - 1) - -4?
-1
What is 15 + (-7 - 1 - 0)?
7
Calculate -2 - (-5 - -4 - 3 - -1).
1
Calculate -4 + -1 + -31 + 29.
-7
What is -1 + 7 + (-1 - 2) - 4?
-1
What is the value of 7 + -13 - ((-2 - 1) + 2)?
-5
Evaluate (0 - 6) + 4 + (10 - 8).
0
Evaluate -6 + 2 + 1 - 1.
-4
Calculate -4 + -2 + 5 + (-1 - 1).
-3
What is the value of 1 + 5 + -1 - (-1 - -5)?
1
What is the value of 90 - 90 - (8 + 0)?
-8
Evaluate -1 - (-1 + 0) - -5 - -2.
7
What is the value of -10 + (5 - -10 - 10)?
-5
What is -21 + 23 + 2 + (2 - 0)?
6
(-1 + 5 - (0 + 1)) + 2
5
What is -1 - (-9 + -1) - (74 - 69)?
4
What is the value of (6 - (8 + 0)) + 1?
-1
(31 - 34) + (5 - -1)
3
Evaluate 24 + -24 + (2 - 5 - 2).
-5
What is the value of (-4 - -2) + 2 + (13 - 11)?
2
Calculate 9 + 0 - (3 + -2).
8
Calculate 2 - ((3 - -4) + (1 - 5)).
-1
What is (2 - 2) + 6 - 7?
-1
-3 + 1 + -2 + 10
6
What is the value of 0 + (-1 - -3) + -6?
-4
Calculate 6 - (-7 - -4 - -4).
5
What is -1 + 15 + -7 + -6?
1
What is the value of -1 + 3 + -2 + -1?
-1
Evaluate 0 + (5 - (-5 + 19)) - -5.
-4
Evaluate 1 + 2 + -6 + (8 - 7).
-2
5 + (0 - 1 - -3) + -3
4
1 + (-8 - (0 + -8))
1
Evaluate (6 - 9 - -21) + -12.
6
What is the value of 0 - ((4 - -4) + -10)?
2
What is -1 - (-4 + 4 + -5)?
4
What is the value of -15 - (-16 - (0 - 3))?
-2
(-3 - 1) + (13 - (-3 - -7))
5
Evaluate (-5 - 0) + 45 + -46.
-6
What is the value of 4 + (-6 - (3 - 8))?
3
(0 - 2) + (6 - 2) - 0
2
Calculate (9 - 9) + (-2 + 1 - -1).
0
Evaluate 0 - -2 - (1 - (1 + 1)).
3
What is the value of -16 + 10 - -22 - 10?
6
Calculate 0 - (-2 + 0 - -1) - 6.
-5
Calculate -13 - (4 - (5 + 8)).
-4
What is the value of (23 - 24) + 1 + -2?
-2
What is the value of 2 + ((3 - -1) + -2 - 0)?
4
What is 9 + (-12 - -3) - -3?
3
Evaluate -8 - (-3 - (9 + -4)).
0
Calculate 14 + -18 - (4 - (2 + -1)).
-7
Evaluate 4 - (3 - -10) - (2 + -5).
-6
Evaluate 7 + -3 - (4 - 2) - 8.
-6
What is 17 + (-8 - 5) + 6?
10
Evaluate 1 + 3 - 0 - (1 + 0).
3
What is the value of 0 + -2 + (-3 - 0 - -1)?
-4
Evaluate 0 + 1 + (29 - 26).
4
Calculate (0 - ((-3 - 6) + 2)) + -4.
3
8 + -19 + 20 + -12
-3
177 + -175 - (-1 - (1 - 5))
-1
Evaluate 1 + 0 + 9 + -5 + -2.
3
Evaluate 3 + 2 - (-5 - -5) - 2.
3
What is -4 + -1 + (12 - 20) + 18?
5
What is 12 + (6 - -1) + -18?
1
Evaluate 7 + -1 - (-1 + 3).
4
What is the value of -3 - (0 + (2 - 5) - 3)?
3
Evaluate 1 + (-7 + 3 - (-7 + 6)).
-2
1 - (-1 + (0 - 6))
8
What is -2 + -10 - (-4 + -4 + 4)?
-8
Evaluate -1 + -7 - (-108 - -101).
-1
What is the value of 71 + -74 - (-8 + -1)?
6
What is the value of 2 - (-1 + (-4 - (-4 + 1)))?
4
What is (13 - 8) + -6 - -5?
4
What is the value of 0 + 3 - (-42 - -39)?
6
What is the value of (0 - 2) + (10 - 6) - 1?
1
What is the value of 5 - (-1 + (10 - 3))?
-1
Calculate -15 + 12 + -3 + -3.
-9
-12 + (6 - (0 - -4))
-10
Evaluate (2 - 4) + (1 - 1 - -2).
0
Calculate -5 - (-5 + 3) - (0 - -2).
-5
What is 3 - 5 - (-1 - (0 + 3))?
2
Evaluate -9 + 3 + (-3 + 0 - -5).
-4
What is 3 - (16 + -9) - -5?
1
Evaluate 3 - (3 + -3 + 7) - -6.
2
-4 - -2 - (3 + 0)
-5
Calculate -5 + (-8 - -3) + 24 + -6.
8
Calculate -5 + 9 + (1 - 9) - 0.
-4
(1 - -4) + -69 + 61
-3
Calculate 7 + (4 - (2 - -5)).
4
(2 - 1) + (1 - -2)
4
Evaluate 0 + (0 - (5 + -7)).
2
3 + 0 + -18 + (-14 - -22)
-7
Evaluate -2 + (21 - 27 - (1 + 0)).
-9
What is 2 - -1 - 2 - -2?
3
What is the value of -1 - ((-6 - -3) + 2 + 5)?
-5
What is the value of -4 + 3 + 0 + 3 + -2?
0
Calculate (6 + 0 - (-3 - -7)) + 4.
6
-4 - -1 - (-5 + 9 + -3)
-4
Calculate 2 + -1 + (57 - 51) - 13.
-6
What is the value of (2 - 0) + (6 - 3) + -4?
1
What is the value of 0 - ((0 - -1) + 2)?
-3
Calculate 8 + (0 - 10) - -6.
4
Evaluate -4 - -8 - 1 - (6 + -1).
-2
What is the value of -1 - (4 - 5) - -3?
3
Evaluate 10 + -5 + 0 + -1.
4
-2 - ((0 - 2) + -2 + 1)
1
-772 + 774 + 2 + -1 + -13
-10
What is 4 - 3 - (11 - 1 - 3)?
-6
What is the value of (-7 - -13 - 7) + -3?
-4
Calculate -3 - 2 - (-17 + 9 - 0).
3
Evaluate 16 - -4 - 9 - 6.
5
Calculate (-9 + 6 + 8 - 1) + -4.
0
What is the value of 1 - (3 - 12 - -2)?
8
What is 3 + 0 - (-2 + 7 - 9)?
7
What is (1 - -2) + (11 - 18)?
-4
What is the value of (8 - (0 - (-5 - 1))) + 9?
11
2 + -2 + 0 + 7 + -11
-4
Evaluate 1 - (-2 - -5) - 3.
-5
What is (-8 - -3 - -6) + -6?
-5
-5 - -7 - 12 - -5
-5
1 + 0 + 1 + -4 - 2
-4
What is the value of 3 + (1 - 12) + 3?
-5
What is (1 - -6) + (-5 - -4)?
6
What is 2 - 1 - (-1 - (-1 + 1))?
2
Evaluate -10 - -13 - (0 + -3).
6
Evaluate 6 + (-1 - -3 - 6) + -3.
-1
-1 + -3 - (1 + (-12 - -1))
6
Calculate -3 - ((0 - 2) + -1 + -2).
2
Evaluate 6 + (0 - 10) + -5.
-9
What is (-4 - (-6 - (-9 - -7))) + -5?
-5
What is -7 - ((-6 - -12 - 3) + -9)?
-1
What is (8 - 5) + 1 - (3 - 1)?
2
What is the value of 6 - 0 - (6 - 5)?
5
What is 1 + (0 - 1) + -11 + 13?
2
Calculate ((-3 - 4) + 3 - 0) + 1.
-3
Calculate 6 - (1 - 0) - 0 - 3.
2
What is the value of (-2 - 1) + 7 + -3 + 4?
5
Calculate 4 + -6 + 4 + -8 + 6.
0
What is the value of -3 - -2 - (-8 + 4)?
3
What is the value of 3 - 3 - (1 + -1)?
0
What is the value of -1 + (1 - -1) + -3?
-2
What is (5 - (5 + 8)) + 2?
-6
What is the value of 18 + -11 - (3 + 2)?
2
(-9 - (-5 + 3)) + 11
4
What is -4 + (-4 - 0 - -12) + 0?
4
Evaluate (-7 - (3 - 8)) + -2.
-4
What is -4 + (3 - 1 - (6 - 8))?
0
Calculate (-4 - 0) + (-12 - -7) - -4.
-5
What is 1 + (2 - -4 - 2)?
5
What is (-3 - (0 - 9)) + -5?
1
What is 0 + -5 - (-9 - -10) - -3?
-3
What is the value of 1 + 3 + -4 + (2 - -2)?
4
Calculate -5 + (19 - 12) + 2.
4
2 + -1 + 0 + 4 + -7
-2
What is -13 - (-1 - -4 - 8 - 2)?
-6
What is 5 + (1 - 6 - -4)?
4
What is 89 + -84 - (2 + (-3 - -2))?
4
Evaluate -2 - 4 - (-4 - 2 - -1).
-1
What is 2 - 1 - 0 - (8 - 2)?
-5
What is -15 + 6 + (0 - -15)?
6
What is the value of (-2 - -2) + (-7 - (7 - 14))?
0
What is 1 - (-1 + 3 - 8 - -3)?
4
Evaluate (1 - (6 + 2)) + -7 + 11.
-3
Evaluate (-1 - -4 - 1 - 8) + 6.
0
What is the value of -5 + 9 + -4 - 1?
-1
What is the value of (8 - (7 - 3) - 5) + -2?
-3
Evaluate 7 + (-1 - (3 - (3 + -2))).
4
Evaluate 0 + (13 + -1 - (6 + 1)).
5
Calculate 1 + (9 - ((-2 - -6) + -1)).
7
Calculate -2 + (4 - (-1 - -2)) + -1.
0
What is (-3 + 2 - -4) + (-5 - -1)?
-1
Evaluate -2 + 8 - (-4 + 3).
7
(0 - -9 - 4) + -8
-3
Calculate (24 - 30) + (1 - -1).
-4
What is the value of -3 - ((-1 - 3) + -3)?
4
What is 2 - (-4 - -2 - -13) - -4?
-5
What is (0 - -17) + (0 - 11)?
6
1 + 3 - (-9 + 5 - -3)
5
(4 - 5) + -6 - (-2 + 0)
-5
Evaluate 2 + (0 - 0 - 0).
2
Evaluate -8 + 3 - (5 + -10).
0
What is the value of (-35 - -45) + 1 + -6?
5
Calculate -7 + (-8 - -6) - -1.
-8
What is the value of -1 + 7 + (10 - (9 + 15))?
-8
What is -7 - (5 - 1 - 10)?
-1
What is (0 - (-5 - (-8 - -4))) + -5?
-4
Calculate (-29 - -28) + 13 - (-1 - -4).
9
-1 + -6 + 57 + -46
4
What is the value of -1 + -3 - -2 - 0?
-2
0 - 2 - (-37 + 31)
4
What is the value of 2 + -17 + 14 - (1 - -6)?
-8
What is the value of -2 - (13 - 6) - -4?
-5
Calculate -4 + (-3 - -9) - -3.
5
What is 6 + (1 - -1) + -3?
5
Evaluate 0 + 1 - 1 - (0 - -5).
-5
What is -6 + (-5 - 0) - -4 - -7?
0
What is -11 - (-1 - 7) - -4?
1
Evaluate (-4 - -3 - -5) + -3 + -4.
-3
Evaluate -1 - 2 - (0 + -2 + 3).
-4
Evaluate 0 + -4 + 16 + (9 - 17).
4
-2 - 0 - (-6 + (-2 - -9))
-3
Calculate -2 -